{"id":148,"date":"2024-08-14T18:52:51","date_gmt":"2024-08-14T16:52:51","guid":{"rendered":"https:\/\/fsys.cz\/bin\/jazykovaskolatyn.cz\/?page_id=148"},"modified":"2025-08-25T21:10:34","modified_gmt":"2025-08-25T19:10:34","slug":"domu-copy-4-copy","status":"publish","type":"page","link":"https:\/\/jazykovaskolatyn.cz\/?page_id=148","title":{"rendered":"Angli\u010dtina"},"content":{"rendered":"\n\n\t<h1>KURZY ANGLI\u010cTINY 2025\/2026<\/h1>\n<table border=\"0\" cellspacing=\"0\" cellpadding=\"0\">\n<tbody>\n<tr>\n<td><b>Kurz pro za\u010d\u00e1te\u010dn\u00edky<\/b><\/td>\n<td>dle domluvy<\/td>\n<\/tr>\n<tr>\n<td><b>Kurz pro m\u00edrn\u011b pokro\u010dil\u00e9<br \/>\n<\/b>English File Elementary B<\/td>\n<td>pond\u011bl\u00ed 15:45<\/td>\n<\/tr>\n<tr>\n<td><b>Kurz pro m\u00edrn\u011b pokro\u010dil\u00e9 A1+<br \/>\n<\/b>Angli\u010dtina pro samouky<\/td>\n<td>st\u0159eda 15:40<\/td>\n<\/tr>\n<tr>\n<td><b>Kurz pro m\u00edrn\u011b pokro\u010dil\u00e9 A2<br \/>\n<\/b>English File Elementary B<\/td>\n<td>st\u0159eda 17:45<\/td>\n<\/tr>\n<tr>\n<td><b>Kurz pro m\u00edrn\u011b pokro\u010dil\u00e9 A2<\/b><br \/>\nEnglish File Pre-intermediate A<\/td>\n<td>\u00b4\u00fater\u00fd 19:00<\/td>\n<\/tr>\n<tr>\n<td><b>Kurz pro m\u00edrn\u011b pokro\u010dil\u00e9 A2+<br \/>\n<\/b>Breaking News English, Speaking<\/td>\n<td>\u010dtvrtek 16:00<\/td>\n<\/tr>\n<tr>\n<td><b>Kurz pro st\u0159edn\u011b pokro\u010dil\u00e9 B1<br \/>\n<\/b>English File Intermediate B<\/td>\n<td>pond\u011bl\u00ed 17:25<\/td>\n<\/tr>\n<tr>\n<td><b>Kurz pro st\u0159edn\u011b pokro\u010dil\u00e9 B1+<br \/>\n<\/b>Breaking News English, Speaking<\/td>\n<td>pond\u011bl\u00ed 13.15<br \/>\nJETE Temel\u00edn<\/td>\n<\/tr>\n<tr>\n<td><b>Kurz pro pokro\u010dil\u00e9 B2<br \/>\n<\/b>New English File Upper-intermediate<\/td>\n<td>pond\u011bl\u00ed 19:00<\/td>\n<\/tr>\n<\/tbody>\n<\/table>\n<p>&nbsp;<\/p>\n\n","protected":false},"excerpt":{"rendered":"<p>KURZY ANGLI\u010cTINY 2025\/2026 Kurz pro za\u010d\u00e1te\u010dn\u00edky dle domluvy Kurz pro m\u00edrn\u011b pokro\u010dil\u00e9 English File Elementary B pond\u011bl\u00ed 15:45 Kurz pro m\u00edrn\u011b pokro\u010dil\u00e9 A1+ Angli\u010dtina pro samouky st\u0159eda 15:40 Kurz pro m\u00edrn\u011b pokro\u010dil\u00e9 A2 English File Elementary B st\u0159eda 17:45 Kurz pro m\u00edrn\u011b pokro\u010dil\u00e9 A2 English File Pre-intermediate A \u00b4\u00fater\u00fd 19:00 Kurz pro m\u00edrn\u011b pokro\u010dil\u00e9 A2+ [&hellip;]<\/p>\n","protected":false},"author":1,"featured_media":0,"parent":0,"menu_order":0,"comment_status":"closed","ping_status":"closed","template":"","meta":{"footnotes":""},"class_list":["post-148","page","type-page","status-publish","hentry","wpbf-post"],"_links":{"self":[{"href":"https:\/\/jazykovaskolatyn.cz\/index.php?rest_route=\/wp\/v2\/pages\/148","targetHints":{"allow":["GET"]}}],"collection":[{"href":"https:\/\/jazykovaskolatyn.cz\/index.php?rest_route=\/wp\/v2\/pages"}],"about":[{"href":"https:\/\/jazykovaskolatyn.cz\/index.php?rest_route=\/wp\/v2\/types\/page"}],"author":[{"embeddable":true,"href":"https:\/\/jazykovaskolatyn.cz\/index.php?rest_route=\/wp\/v2\/users\/1"}],"replies":[{"embeddable":true,"href":"https:\/\/jazykovaskolatyn.cz\/index.php?rest_route=%2Fwp%2Fv2%2Fcomments&post=148"}],"version-history":[{"count":5,"href":"https:\/\/jazykovaskolatyn.cz\/index.php?rest_route=\/wp\/v2\/pages\/148\/revisions"}],"predecessor-version":[{"id":219,"href":"https:\/\/jazykovaskolatyn.cz\/index.php?rest_route=\/wp\/v2\/pages\/148\/revisions\/219"}],"wp:attachment":[{"href":"https:\/\/jazykovaskolatyn.cz\/index.php?rest_route=%2Fwp%2Fv2%2Fmedia&parent=148"}],"curies":[{"name":"wp","href":"https:\/\/api.w.org\/{rel}","templated":true}]}}